8*v - 4*v - 3*x - m = 0. What is the tens digit of v?
1
Let i(n) be the first derivative of -3*n**4/2 + n**3/3 + 2. Let v be i(-1). Suppose -v = -0*p - p. What is the units digit of p?
7
Let b(y) = -y**2 - 4*y - 4. Let u be b(-5). Let c(q) = -11 - 3*q + 1 - 2. What is the units digit of c(u)?
5
Let b be (-1 - -13) + 4 + -4. Suppose 0 = b*r - 14*r + 22. What is the tens digit of r?
1
Suppose 3*u + 26 = 5*u. What is the tens digit of u?
1
Suppose 10*n - 11*n + 113 = 0. What is the units digit of n?
3
Let r(l) = 6*l**2 - 2*l + 1. Let p be 37/6 + 3/(-18). Suppose -1 = 5*g - p. What is the units digit of r(g)?
5
Let s(j) = j + 13. Let y be s(-9). What is the units digit of (32/(-12))/(y/(-18))?
2
Let v(c) = c + 42. Let z be v(0). Let l = z + -26. What is the units digit of l?
6
Let l(k) = 7*k**2 + 2*k**2 + 5*k - 5*k + 6 - k**3. What is the units digit of l(9)?
6
Suppose -5*a + 79 + 566 = 0. What is the hundreds digit of a?
1
Suppose 60 = s - 6. What is the tens digit of s?
6
Suppose -3*s + 139 = -5*y - 330, 3*y - 429 = -3*s. What is the units digit of s?
8
Let p be 3 + (-6)/(-3) - 0. Let k(g) = 2*g**3 + 3*g**3 - 4*g**3 + g - 5*g**2 + 3 + 0*g**3. What is the units digit of k(p)?
8
Suppose 804 = 5*x + 214. What is the units digit of x?
8
Suppose -5*v - b + 21 = 0, v = 5*v + 2*b - 18. What is the units digit of v?
4
What is the tens digit of (-228)/(-5) - (-3)/(-5)?
4
Suppose 4*s + 4 = 4*q, 1 = 5*s + 2*q - q. Let k(r) = 3*r**2 + r. Let p(f) = -7*f**2 - 2*f + 1. Let i(t) = 9*k(t) + 4*p(t). What is the units digit of i(s)?
4
Suppose -g - 3*d - 5 = -3, -5*d = -3*g + 50. What is the tens digit of g?
1
Let r(f) = -16*f**3 - f**2 - 2*f - 1. Let c be r(-1). What is the units digit of c + 2 + 2 + -7?
3
Let a be -2*2/(6 + -2). Let s be 3 - a - (-5 + 6). Suppose 3 = -r - 3*o + 2, -o = s*r - 13. What is the units digit of r?
5
Let w be ((-8)/6)/(6/(-9)). Suppose w*l + 2 = 3*l. Suppose -l*o + 19 = 5. What is the units digit of o?
7
Suppose 93 + 31 = -4*z. Let s = z - -10. What is the tens digit of s/2*(2 - 4)?
2
Let o(s) = -2*s - 2. Let y be o(-2). Suppose -2*i + i + 3 = y*r, r = i. What is the units digit of i?
1
Let i be (-1 - (-5 + 1)) + 0. Let r = i + 11. What is the units digit of r?
4
Suppose 0 = 5*s + 15 + 15. Let m(j) = j**2 + 4*j - 4. What is the units digit of m(s)?
8
Suppose -o + 4*j = -11, -o - 2 + 7 = -j. Suppose -a = o*a. What is the units digit of (a + -1)/((-1)/2)?
2
Let f be 3/12 + (-3)/(-4). Let j be (1/f)/1 - 2. Let r = j - -3. What is the units digit of r?
2
Let b(i) = -3*i + 6. Suppose -q = q + 18. What is the units digit of b(q)?
3
Let y = -204 - -242. What is the units digit of y?
8
Suppose -2*v = -v. Suppose -5*m - 2*t = -13, 4*m - t - 2*t = -8. Suppose o - m + 0 = v. What is the units digit of o?
1
Let w be (-504)/104 + (-2)/13. Let x(s) = -s**3 - s + 4. Let o be x(0). What is the units digit of w/(-4) + (-1)/o?
1
Suppose -15 + 5 = -5*i. What is the units digit of (-92)/(-6) - i/(-3)?
6
What is the tens digit of ((-278)/8)/(4/(-16))?
3
Suppose 3*x + 4*n = 4*x - 12, -5*n - 36 = -2*x. What is the units digit of x?
8
Let s = -4 - -1. Let o be (-2 - s)/((-2)/(-38)). Let l = o - 9. What is the units digit of l?
0
Let i(c) = -c**2 + 10*c - 7. Let m be i(9). Let l be m/((-63)/(-69) - 1). Let y = -13 - l. What is the units digit of y?
0
Suppose 0 = 3*s + 2*s - 20. Let n be (-3)/(-9) - (-28)/6. What is the tens digit of (n/s)/(2/16)?
1
Let w(v) = -v**2 - 9*v + 6. Suppose x + 8 = 5*l + 53, 0 = 3*x. Let d be w(l). What is the tens digit of 57/d - 1/(-2)?
1
Let v = -19 - -11. Let p = 2 - v. What is the units digit of p?
0
Suppose 4*r + 0*r + 133 = 3*h, 0 = 3*h + 5*r - 97. What is the tens digit of h?
3
Let h(i) = 3 + 9*i - i**2 + 8*i - 7*i. What is the units digit of h(9)?
2
Suppose r - 1 = 5*z + 6, 0 = r + 5*z + 13. Let q(a) = -a**3 - 4*a**2 - 2*a - 1. Let v be q(r). Let m = 7 + v. What is the units digit of m?
3
Let b(a) = a**3 - 6*a**2 - 2*a + 14. What is the units digit of b(6)?
2
Let v(m) = m**3 + 7*m**2 + 2*m - 4. Let t be v(-6). Suppose 3*a - 1 = 5. Suppose -2*w - 2*q + t = 0, 2*w = a*q + 2 + 6. What is the units digit of w?
7
Let g = 335 - 176. What is the hundreds digit of g?
1
Suppose 7*d = 3*d + 12. Suppose -d*p + 75 = -72. What is the tens digit of p?
4
Suppose -3*c + 141 = -21. What is the units digit of c?
4
Let g(y) = y**2 - 10*y + 6. Let d be g(10). Suppose 2 = -5*c - 3. What is the units digit of (c/3)/((-1)/d)?
2
Let f be (-11)/22*(-1 + -1). Let j = 4 + f. What is the units digit of j?
5
Suppose d = 5*m + 30, -d - 5*m = -0*d + 20. What is the units digit of d?
5
Suppose 4*n = 3*n - 2*v - 7, v = -2*n - 2. Suppose -2*i - n - 1 = 0. What is the tens digit of 306/24 - i/4?
1
Suppose -7*w = -203 - 385. What is the tens digit of w?
8
Suppose 4*t + 3 = h - 43, h - t = 46. What is the tens digit of h?
4
Let u be (-3)/3 + 5 + 0. Let c(o) = 7*o. Let s be c(u). Suppose 5*t - 4*f - 3 - 19 = 0, -3*t - 5*f + s = 0. What is the units digit of t?
6
Let d be 1*-3 + 90/10. What is the units digit of 110/4 + d/(-4)?
6
Suppose g = t, 18 = -5*t - g - 3*g. What is the units digit of t/4 + (-27)/(-2)?
3
Suppose -i = 3*i - 20. Suppose 4 = 6*t - i*t. Suppose -2*u - h + 12 = 0, -t*u + 4*h = -7*u + 18. What is the units digit of u?
6
Suppose -5*g + 72 = 4*v, 4*g - 51 = g - 5*v. What is the tens digit of 380/g - (-1)/3?
3
Let f = -20 + 62. What is the tens digit of f?
4
Let r(a) = a**3 + a**2 + a + 32. Suppose -6*o = -2*o. What is the units digit of r(o)?
2
Suppose 3 = -3*x + 4*x. Let b(o) = -o**3 + 3*o**2 + 2*o - 1. Let t be b(x). Suppose -4*j + 4*m + 5 + 11 = 0, t*j - 2*m - 20 = 0. What is the units digit of j?
4
Let v(d) = 2*d**3 - 6*d**2 + 4*d + 4. Let x be v(4). Suppose -2*a + x = 4. What is the units digit of a?
4
Suppose 0*z - 84 = -2*z. What is the tens digit of z?
4
Let r = 56 + -32. What is the units digit of r?
4
Suppose 2*w - 1 = 69. What is the tens digit of w?
3
Suppose -62 = -3*n + 31. What is the units digit of n?
1
Suppose 22 = 3*b + 7. Let v be (-5)/10*2*b. Let t(m) = -m**3 - 6*m**2 - 8*m - 5. What is the tens digit of t(v)?
1
Let v = 70 + 46. What is the units digit of v?
6
Let c = 40 + -35. What is the units digit of c?
5
Let d = -12 + 21. Let b be d/(-6) + (-2)/4. What is the units digit of ((-3)/2)/(b/4)?
3
Let v(t) = t**2 + 11*t + 16. Let u(l) = -1. Let f(i) = -5*u(i) - v(i). What is the tens digit of f(-8)?
1
Let k be (-2*(-3)/6)/1. What is the units digit of k/5 - (-28)/10?
3
Let y = 4 - 2. Let s = y + 17. What is the units digit of s?
9
Suppose -4*v + 3*n = v - 4, n + 8 = 5*v. Suppose x = w - 7, -v*x + 3 = w + x. Let h = w - 4. What is the units digit of h?
2
What is the tens digit of 9 + (4 + -3 - -2)?
1
What is the units digit of 1/(55/(-28) - -2)?
8
Let s(k) = -k**3 + 2*k**2 + 2*k - 2. Let u be s(2). Suppose u*d - 29 = -9. What is the tens digit of d?
1
Suppose t + 5 = -2*t - 4*d, 5*d = -10. What is the units digit of t?
1
Suppose 0 = 5*n - h - 166, 0*n - 3*h - 124 = -4*n. What is the units digit of n?
4
Suppose -2*p + 165 = -5*g, 0*g + 3*g = 5*p - 365. What is the tens digit of p?
7
Suppose -4*w - 15 - 17 = 0. Let q(b) = b**3 + 8*b**2 - b + 6. Let x be q(w). Suppose -t = t - x. What is the units digit of t?
7
Let b = -58 + 150. What is the units digit of b?
2
Let i(k) be the first derivative of -k**4/4 - 4*k**3/3 + 3*k**2/2 - 6*k - 2. Let h be i(-5). Suppose -v - 21 = -h*v. What is the units digit of v?
7
Let j be (-556)/6 + 20/30. What is the tens digit of (8/(-16))/(2/j)?
2
Let s = -15 - -24. What is the units digit of 2/4*(s - -5)?
7
Let p(v) = 9*v**2 + 0*v + 3*v**2 + 1 - 2*v. What is the tens digit of p(1)?
1
Suppose -4*d + 0*f - 5*f = -349, -d + 61 = -4*f. Suppose 0 = -5*p + 311 - d. What is the units digit of p?
6
Let o(t) = 5*t**2 + 8*t + 3. What is the tens digit of o(-3)?
2
Let g be 2 - ((-3)/3 - 1). Suppose g*t + 4*v = 2*v + 8, t = -3*v - 3. What is the units digit of t?
3
What is the units digit of 3/1*92/6?
6
Suppose 8*a - 294 = -30. What is the tens digit of a?
3
Suppose -4*z = 3*a - 33 - 18, -85 = -5*a + 4*z. What is the tens digit of a?
1
Let u(m) = 3*m**2 - m + 3. What is the tens digit of u(2)?
1
Suppose 2*s - 8 = 4*s, 5*o = -3*s + 1203. What is the units digit of o?
3
Let o(x) = -x**3 - 10*x**2 - 9*x - 4. Le